79?
369
What is the remainder when 297113 is divided by 59420?
13
Calculate the remainder when 233996 is divided by 331.
310
What is the remainder when 1092296 is divided by 1092291?
5
Calculate the remainder when 18550 is divided by 46.
12
Calculate the remainder when 700395 is divided by 46.
45
What is the remainder when 22511 is divided by 727?
701
Calculate the remainder when 106737 is divided by 38.
33
What is the remainder when 50055 is divided by 695?
15
What is the remainder when 36271 is divided by 550?
521
Calculate the remainder when 140544 is divided by 227.
31
Calculate the remainder when 24994 is divided by 4977.
109
What is the remainder when 1197 is divided by 3?
0
Calculate the remainder when 23152 is divided by 23.
14
Calculate the remainder when 9184 is divided by 1656.
904
What is the remainder when 293019 is divided by 657?
654
Calculate the remainder when 7070893 is divided by 1421.
1418
Calculate the remainder when 9121 is divided by 89.
43
What is the remainder when 2336 is divided by 2021?
315
Calculate the remainder when 3026 is divided by 244.
98
What is the remainder when 1336 is divided by 656?
24
What is the remainder when 83267 is divided by 27747?
26
Calculate the remainder when 8275 is divided by 8257.
18
What is the remainder when 2749 is divided by 1372?
5
What is the remainder when 15071 is divided by 145?
136
Calculate the remainder when 1810091 is divided by 57.
56
Calculate the remainder when 144476 is divided by 43.
39
What is the remainder when 9048 is divided by 614?
452
What is the remainder when 6787853 is divided by 2022?
2021
What is the remainder when 27975 is divided by 1582?
1081
What is the remainder when 27374 is divided by 12?
2
Calculate the remainder when 6061 is divided by 6056.
5
What is the remainder when 20859 is divided by 108?
15
Calculate the remainder when 12564 is divided by 3139.
8
What is the remainder when 1350 is divided by 728?
622
What is the remainder when 16703 is divided by 3339?
8
Calculate the remainder when 6848 is divided by 251.
71
What is the remainder when 6588 is divided by 32?
28
Calculate the remainder when 5270493 is divided by 485.
483
What is the remainder when 4088 is divided by 4055?
33
What is the remainder when 9669 is divided by 8?
5
Calculate the remainder when 123494 is divided by 172.
170
Calculate the remainder when 68109 is divided by 139.
138
Calculate the remainder when 3283 is divided by 813.
31
Calculate the remainder when 34295 is divided by 1798.
133
What is the remainder when 140157 is divided by 46718?
3
What is the remainder when 24087 is divided by 234?
219
Calculate the remainder when 293056 is divided by 195.
166
What is the remainder when 50834 is divided by 1271?
1265
Calculate the remainder when 132135 is divided by 26427.
0
Calculate the remainder when 9143 is divided by 801.
332
Calculate the remainder when 17846 is divided by 51.
47
Calculate the remainder when 19817 is divided by 25.
17
What is the remainder when 12684 is divided by 1252?
164
Calculate the remainder when 13772 is divided by 13725.
47
What is the remainder when 12727 is divided by 61?
39
What is the remainder when 67033 is divided by 67024?
9
Calculate the remainder when 947 is divided by 19.
16
What is the remainder when 1954 is divided by 1107?
847
What is the remainder when 587 is divided by 262?
63
Calculate the remainder when 51198 is divided by 293.
216
Calculate the remainder when 1332 is divided by 201.
126
Calculate the remainder when 2059 is divided by 18.
7
What is the remainder when 3689 is divided by 385?
224
Calculate the remainder when 5746 is divided by 206.
184
What is the remainder when 29414 is divided by 212?
158
Calculate the remainder when 5568347 is divided by 10.
7
What is the remainder when 1300 is divided by 337?
289
What is the remainder when 951 is divided by 416?
119
What is the remainder when 101852 is divided by 13?
10
What is the remainder when 48327 is divided by 54?
51
What is the remainder when 3012 is divided by 1990?
1022
What is the remainder when 30610 is divided by 567?
559
What is the remainder when 46223 is divided by 61?
46
What is the remainder when 1180 is divided by 546?
88
Calculate the remainder when 5802 is divided by 2446.
910
Calculate the remainder when 1444 is divided by 83.
33
Calculate the remainder when 76878 is divided by 49.
46
Calculate the remainder when 13774 is divided by 843.
286
What is the remainder when 1475 is divided by 535?
405
Calculate the remainder when 7894 is divided by 1313.
16
What is the remainder when 1131 is divided by 136?
43
Calculate the remainder when 48184 is divided by 395.
389
Calculate the remainder when 515811 is divided by 17.
14
What is the remainder when 3110 is divided by 1035?
5
What is the remainder when 222702 is divided by 20244?
18
What is the remainder when 880 is divided by 63?
61
What is the remainder when 2114 is divided by 280?
154
What is the remainder when 6072 is divided by 1071?
717
What is the remainder when 99087 is divided by 88?
87
Calculate the remainder when 26776 is divided by 6543.
604
What is the remainder when 1530 is divided by 475?
105
Calculate the remainder when 13049 is divided by 44.
25
Calculate the remainder when 28263 is divided by 628.
3
Calculate the remainder when 17430 is divided by 124.
70
Calculate the remainder when 71958 is divided by 36.
30
What is the remainder when 8428 is divided by 169?
147
Calculate the remainder when 12082 is divided by 1469.
330
What is the remainder when 27081 is divided by 6238?
2129
What is the remainder when 11239 is divided by 5602?
35
What is the remainder when 19687 is divided by 152?
79
Calculate the remainder when 13093 is divided by 485.
483
Calculate the remainder when 861354 is divided by 120.
114
Calculate the remainder when 9588 is divided by 2492.
2112
Calculate the remainder when 963055 is divided by 92.
91
What is the remainder when 31100 is divided by 169?
4
What is the remainder when 16725 is divided by 478?
473
Calculate the remainder when 135301 is divided by 16.
5
What is the remainder when 65264 is divided by 65262?
2
Calculate the remainder when 215687 is divided by 22.
21
What is the remainder when 271652 is divided by 588?
584
Calculate the remainder when 9033 is divided by 113.
106
Calculate the remainder when 90501 is divided by 45240.
21
What is the remainder when 112188 is divided by 447?
438
Calculate the remainder when 372677 is divided by 958.
15
What is the remainder when 80638 is divided by 40284?
70
What is the remainder when 14788 is divided by 2774?
918
What is the remainder when 1749427 is divided by 1353?
1351
Calculate the remainder when 2959 is divided by 291.
49
Calculate the remainder when 43252 is divided by 286.
66
Calculate the remainder when 652 is divided by 330.
322
Calculate the remainder when 1782 is divided by 1114.
668
Calculate the remainder when 17162 is divided by 116.
110
What is the remainder when 64444 is divided by 341?
336
Calculate the remainder when 812 is divided by 212.
176
Calculate the remainder when 11591 is divided by 3857.
20
What is the remainder when 34204 is divided by 11391?
31
Calculate the remainder when 35408 is divided by 176.
32
What is the remainder when 57097 is divided by 10?
7
Calculate the remainder when 1002 is divided by 257.
231
Calculate the remainder when 356858 is divided by 157.
154
Calculate the remainder when 1871 is divided by 83.
45
What is the remainder when 15937 is divided by 5?
2
What is the remainder when 13007 is divided by 943?
748
What is the remainder when 3021863 is divided by 385?
383
Calculate the remainder when 395549 is divided by 45.
44
Calculate the remainder when 14949 is divided by 56.
53
Calculate the remainder when 1797 is divided by 400.
197
Calculate the remainder when 6938 is divided by 224.
218
What is the remainder when 657710 is divided by 296?
294
What is the remainder when 5395 is divided by 1043?
180
Calculate the remainder when 32382 is divided by 1156.
14
What is the remainder when 7466 is divided by 3602?
262
What is the remainder when 65054 is divided by 1048?
78
Calculate the remainder when 613194 is divided by 890.
874
What is the remainder when 25029 is divided by 348?
321
Wha